d + 41781 + 212814. Is d composite?
True
Let x(i) = -4 - 15*i + 15*i + 2*i**2 - 9*i**2. Let p(h) = -22*h**2 + h - 11. Let o(r) = -4*p(r) + 11*x(r). Is o(-5) composite?
True
Is (-2 + -4 - -13)*2251 a composite number?
True
Is 12/3*14/8 prime?
True
Let u = 6 - 4. Let n be (0/2)/(u/(-2)). Suppose -2*r + 5*r - 498 = n. Is r a composite number?
True
Is (2154 - 1) + (6 - (9 + -3)) prime?
True
Let k(b) = b + 12. Let m be k(-12). Let j be (1 - -210) + m/4. Suppose 5*p = 4*p + j. Is p a prime number?
True
Suppose 80*k + 1551 = 83*k. Is k prime?
False
Let k = 153 - 150. Suppose -k*u = -3*w + 4077, 3*w - u = 3*u + 4079. Is w prime?
False
Let d(q) = -q. Let g be d(4). Let y(u) = u**2 + 3*u + 2. Let b be y(g). Suppose -v + b*v = 3175. Is v a composite number?
True
Let c(l) = l**3 + 2*l**2 - 94*l - 39. Is c(32) composite?
False
Let y = -760 + 1923. Is y a prime number?
True
Suppose -2*f = w + 38, -w - 2*f - 158 = 4*w. Let z = w - -12. Let s = -11 - z. Is s prime?
True
Suppose 2*m = -3*r + 18421, 2*r - 3*m = -3*r + 30689. Is r composite?
True
Let y be (1 - -2)/((-6)/(-204)). Let a be (0 + 2)*(-45)/10. Let g = y + a. Is g a composite number?
True
Let l = 9537 - 4504. Is l prime?
False
Suppose -4*f = -4*v + 28, 0*v = -v - 3*f - 13. Suppose v*p = -11 + 5. Is 1/(4/((-2292)/p)) a prime number?
True
Let m = -40 - -34. Is (-1339)/(-3) + -3 + 2/m composite?
False
Suppose -11*l = -15*l + 10036. Let a = 3650 - l. Is a composite?
True
Is (-3)/((-33)/396341 + 0) prime?
False
Let k(j) = -j**2 + 10*j + 2. Let u be k(11). Is (24/u - -2)/((-4)/7542) a composite number?
True
Let c be (-1)/((-4)/(-8) + 0). Let h = 4 + c. Suppose 14 = -h*l + 4*l. Is l composite?
False
Let i be (-2*(-6)/(-2))/(-2). Suppose i = 5*v - 2. Is -3*v - (-120 - 4) a prime number?
False
Suppose 4*c = 7*c - 6, 0 = -4*o + 4*c + 53508. Is o composite?
True
Suppose -4*r + 1074 = -1430. Let p = r + -1. Suppose -5*y + 80 = -p. Is y a prime number?
False
Suppose -1964 = 6*h - 2*h. Let m = 990 + h. Is m a prime number?
True
Suppose 5*a = -14*a + 21299. Is a composite?
True
Let o = 21 + -16. Let k(s) = 18*s**3 - 5*s**2 - 6*s + 4. Is k(o) composite?
False
Suppose 9*t - 561 - 591 = 0. Let r = 701 - t. Is r composite?
True
Let c(f) = 2683*f - 340. Is c(11) a composite number?
False
Let w = 8057 + 3952. Is w a composite number?
True
Suppose -363*i = -357*i - 15474. Is i a composite number?
False
Let l = 6476 - 3099. Is l composite?
True
Suppose -74 = -4*f - 18. Suppose -f*v = -19*v + 2065. Is v a composite number?
True
Let j be ((-2)/(-3))/(2/1671*1). Suppose -1833 = -5*q + j. Is q a prime number?
False
Suppose 5*k - 46560 = -d, d = 4 + 1. Is k a prime number?
True
Let s(k) = 11*k**2 + 2*k + 1. Let x be s(-1). Let z be (-1)/(-4) + (-154)/(-88). Is 6580/25 - z/x a composite number?
False
Suppose 10*j - 220 = 15*j. Let g = 84 + j. Let u = g - 18. Is u a composite number?
True
Let k(r) = -r + 14. Let w be k(9). Suppose 3*o + l = 5, -w*o + 5*l = -18 + 3. Suppose o*d - 356 = 438. Is d a composite number?
False
Let c be (-8)/(-12) + (-166)/6. Let q be (2/6)/((-3)/c). Suppose 0 = g + q*g - 3668. Is g composite?
True
Suppose 0 = 3*c + 2 - 14. Suppose -1251 - 8361 = -3*k - 3*w, -5*w + 12821 = 4*k. Suppose 5*f + 3*n = 3211, -3*n - k = -f - c*f. Is f composite?
False
Suppose -11*p + 7*p + 5252 = 0. Is p composite?
True
Let w(x) = -887*x. Let k(l) = l - 9. Let f(z) = -2*z + 18. Let h(m) = -6*f(m) - 11*k(m). Let b be h(8). Is w(b) a composite number?
False
Let t(p) = -5535*p + 66. Is t(-3) a composite number?
True
Suppose -9290 = 26*a - 28*a. Is a composite?
True
Suppose -t = -5*k - 340 - 106, 4*k = 0. Is t a prime number?
False
Is -10 + (-1010)/(-100) - 107739/(-10) a composite number?
True
Suppose -50 + 5 = 5*r. Let k be (-321)/(-15) - r/15. Suppose 17*g = k*g - 895. Is g composite?
False
Suppose s - 2*a - 25 = 3*a, s + 3*a + 7 = 0. Suppose d = 4*d + 9, 5*d = -s*w - 75. Is 0 + w/(-1) - -2 a composite number?
True
Let p = -81 - -88. Let j(f) = 120*f - 11. Is j(p) a prime number?
True
Let k = -286 + 4148. Is k prime?
False
Suppose -63*x = -77*x + 300342. Is x a prime number?
False
Let t = 27 - 27. Suppose t*c + 4 = 2*c. Is c prime?
True
Suppose -2*q + 5 - 21 = 0. Let z(w) = -9 - 4*w - 13*w**2 + 0 + 14*w**2. Is z(q) a prime number?
False
Let s(q) = -2*q - 13. Let x be s(-10). Let a = x + -3. Suppose -5*u + a*c = -2*u - 179, -2*u = -c - 111. Is u a composite number?
False
Suppose 4*l = -a + 255822, a = 2 - 0. Is l prime?
False
Suppose -40*l + 940176 = -84544. Is l composite?
True
Let v(g) = g**2 - 2*g - 4. Let k be v(7). Let r = 2 + k. Is r prime?
False
Let l(h) = h**2 - 8*h - 6. Let d be l(14). Let n = -6 + d. Let j = n + 119. Is j composite?
False
Let o = -181 + 252. Is o composite?
False
Let x(l) = 66*l**2 + 15*l - 4. Is x(3) a prime number?
False
Suppose -19*z + 12 = -21*z. Is z - (-2 + -1) - (-2151 + -1) a composite number?
True
Let b(h) = h**2 + 6*h + 8. Let c be b(-5). Suppose -5*o + 15 = -4*s + c*s, -4*o - 4*s + 36 = 0. Suppose 5*p - 194 = -o. Is p prime?
False
Let y = 700 - 1302. Let l = -204 - y. Suppose 6*s - l = 2*s - 5*q, q = 2. Is s prime?
True
Let z(x) = 13*x**2 + 3*x - 16. Suppose -4*r + 2*s = -54, -2*r + 7*r + 5*s = 30. Let o be z(r). Is o/(-4)*6/(-9) a composite number?
True
Suppose -8*i - 17233 = -27*i. Is i prime?
True
Suppose -z + 5*j = -3*z + 16, 3*j = -3*z + 15. Suppose 3*m - 4*k = 413, z*m - 5*k - 404 - 8 = 0. Is m a composite number?
False
Suppose -7*a + 3031 = -10682. Is a prime?
False
Suppose 0 = 7*l - 2*l + 2880. Let p = l - -901. Suppose p = -0*y + 5*y. Is y a composite number?
True
Let z(o) = 0*o + 1 + 0 - o + 0. Let c be z(-3). Suppose -d = 3*l - 167, c*d - 3*d - 175 = -l. Is d a prime number?
True
Let w = -39 - -177. Suppose -2*p + 130 = 2*m, m + w = 3*m - 2*p. Is m prime?
True
Let l(s) = -s**3 + 5*s**2 + 7*s - 4. Let t be l(6). Suppose 3 - 5 = -t*o. Is (256 + -1)*o - -2 a composite number?
False
Suppose -144 = -3*w + 4*k + k, 2*k + 6 = 0. Let y = -6 + w. Suppose -y = -t - 2. Is t composite?
True
Let m(b) = b - 1. Let n be m(5). Suppose 0 = 5*w + n*x - 1033, -369 = -2*w + 5*x + 31. Suppose 5*p + 2*z - w = 148, -85 = -p - 4*z. Is p a prime number?
False
Is (5 - 2)/(9/(-15108)*-4) composite?
False
Let v = -7 + 9. Suppose 2*f - 5*g + 0 + 11 = 0, v*f + g = 7. Suppose -10 = -f*u, -2*u = -4*x - u + 887. Is x a prime number?
True
Suppose 16 = -4*p, -16*x + 15*x + 961 = -2*p. Is x prime?
True
Let q(x) = -3*x**3 - 13*x**2 + 27*x + 115. Is q(-12) a prime number?
False
Let u(k) = 11*k - 7*k + 4 - 5. Let w be u(1). Suppose w*c + 3*m - 1512 = 0, -5*c - m + 2526 = 26. Is c composite?
False
Suppose -4*o + 3*d + 244 = d, -2*d + 4 = 0. Suppose 2*j = -4*a + o, -j + 0*a = -5*a - 3. Is j a composite number?
False
Suppose 3*o = 6451 + 9428. Is o a prime number?
False
Is (-4385)/(-9) - 5/((-225)/(-10)) a prime number?
True
Let p = 33 - 34. Let s = 195 - 25. Is (-1)/2*s/p a prime number?
False
Suppose 2*o = -4*k - 6, 2*k - 5*k = -5*o + 24. Is (-31 + -2)/(2 - o) composite?
True
Suppose 195*d = 197*d - 34274. Is d a prime number?
True
Is 3242/2 + (-2 - (-3 - -1)) a prime number?
True
Let w be (4/6)/((-16)/(-216)). Let u = 41 + w. Suppose -4*b - u + 474 = 0. Is b composite?
True
Let j(l) = -50 + 641*l**3 - 13*l**2 + 49 + 14*l**2. Suppose 0 = 5*c - 4 - 1. Is j(c) a composite number?
False
Let h(m) = 2*m - 10. Let a be h(4). Is (293/a)/((-1)/2) composite?
False
Let n(o) = 177*o + 23. Is n(10) a prime number?
False
Suppose 2*t = -2*d + 108104, -5*t + 72209 = 4*d - 198048. Is t a composite number?
False
Suppose -r - 47 = 2*p + 6, -2*r + 2*p = 124. Let k = r - -34. Is (-6)/10 - 2190/k a prime number?
False
Suppose 2*a = -7*t + 2*t - 15646, -2*a = 2*t + 6262. Is t/(-3) - 2*1/(-6) composite?
True
Let z be (22/8)/(3/8724). Suppose z + 12031 = 12*n. Is n composite?
False
Let w(g) = 8346*g - 203. Is w(7) a composite number?
True
Let t = -16 + -2. Is 511903/279 + (-4)/t composite?
True
Suppose 0 = 4*n - 3*w - 28, -w = -4*n - 0*w + 20. Suppose 46 = -n*t + 5*t. Suppose -3*r - t = -205. Is r prime?
True
Suppose 3 = -j + 5. Suppose 5*b = -5*u - 18 - 142, 0 = -j*b + 3*u - 39. Is ((-531)/b)/(1/3) composite?
False
Let s be 886 + 3/(-6)*6. Let d = s + -296. Is d composite?
False
Suppose 0 = -4*f + 2 - 10, 5*f = 5*v + 5. Let u(g) = g + 4. 